housands digit of 4/(-46) + x/23?
1
Let q = 9119 - 9019. Let f(l) = 3*l + 3. Let t be f(5). Suppose 4*p - 2*d = t + q, -147 = -5*p + 3*d. What is the tens digit of p?
3
Let k(c) = 384*c + 1480. What is the ten thousands digit of k(33)?
1
Let r be ((-9)/(-6))/(2 + (-165425)/82720). Suppose 1111*g - 1103*g - r = 0. What is the thousands digit of g?
1
Let f be (-14)/4*(-460)/322. Suppose 0 = -f*l + 19*l - 322. What is the tens digit of l?
2
Suppose -35*a - 5*g + 30125 = -34*a, 3*g = -5*a + 150801. What is the thousands digit of a?
0
Let c be (-1 + (-8)/(-6))/(12/252). Suppose 3*x - 8 = c. Suppose 5*p + 370 = x*a, -5*p - 31 = -6. What is the tens digit of a?
6
Let f = 2859 + 17808. What is the thousands digit of f?
0
Suppose 6*h + 514 + 158 = 0. What is the thousands digit of (h/(-24))/((-6)/(-1359))?
1
Suppose 3*k + 5*q - 1671 = q, -3*q = -5*k + 2785. Let m = -63 + k. What is the tens digit of m?
9
Let b be (35/21)/((-1)/(-3)). Let u be 121/b - 12/60. Suppose 0 = u*o - 21*o - 159. What is the tens digit of o?
5
What is the ten thousands digit of 15688 + (-1947)/590 + (-6)/(-20)?
1
Suppose -6*z + z = 5, -2 = 3*s - 4*z. What is the units digit of (-1253)/s + (-6)/(-4)?
8
What is the thousands digit of (18682*-1)/(-1) + (39 + -19 - 23)?
8
Suppose 70*k = 91*k - 52982 - 55609. What is the units digit of k?
1
Suppose 7*z + 24 = -5*z. Let q(p) = -4*p - 8*p - 11*p - 1. What is the units digit of q(z)?
5
Suppose -5*r - 130 = 370. Suppose -166*s + 143*s - 1288 = 0. Let k = s - r. What is the units digit of k?
4
What is the thousands digit of (223340/(-45))/(-13)*(-9)/(-2)?
1
Let d(j) = 3*j**3 + j**2 + 13*j - 9. Let f be d(5). Let h = 974 - f. What is the hundreds digit of h?
5
Suppose -20*h + 18*h + 83146 = 5*a, 0 = 3*a + 4*h - 49868. What is the hundreds digit of a?
6
What is the thousands digit of 215354/26 + -16*29/(-3016)?
8
Let j be (96/(-2) - 6)/((-4)/86). Let s = -546 + j. What is the tens digit of s?
1
Suppose 2*i - 34*r = -27*r + 7457, 3*i - 11223 = 3*r. What is the units digit of i?
6
Let o = 471 + 485. Let g = o - 395. What is the tens digit of g?
6
Suppose 4*j = 273 - 261. Suppose 0 = j*x + 3*h - 2139, -425 = -4*x + 3*h + 2420. What is the tens digit of x?
1
Let r(p) = 2*p**2 - 17*p - 6. Let l be r(9). Let w be 1/l - 75/(-45). Suppose -w*x - 8*x + 410 = 0. What is the tens digit of x?
4
Suppose 0 = 97*o - 3364672 - 1656727. What is the thousands digit of o?
1
What is the hundreds digit of (-4135)/3*(-49)/((-490)/(-654))?
1
Let m be 1/4 - (150/24 + -6). Suppose -10 + 15 = w, m = -a - 3*w + 284. What is the hundreds digit of a?
2
Suppose -89*i = -150558 - 56011 + 34087. What is the tens digit of i?
3
Suppose 3*h + 7210 = -4*h. Let v = -595 - h. What is the tens digit of v?
3
Suppose -2*c - 9*r + 4*r = -14445, -3*c - 5*r = -21680. What is the hundreds digit of c?
2
Let q(h) = -4*h**2 - 7*h - 6. Let v(f) = 51*f + 52*f - 90*f + 11 + 8*f**2. Let w(c) = 11*q(c) + 6*v(c). What is the units digit of w(-7)?
9
Suppose -q = -6*d + 3*d - 5, q = 2*d + 5. Let i(w) = 3*w**3 - 6*w**2 + 9*w - 12. What is the units digit of i(q)?
8
Suppose 0*f - 3*p = 3*f - 14682, p + 14694 = 3*f. What is the thousands digit of f?
4
Suppose -199312 - 396425 = -59*n + 221295. What is the hundreds digit of n?
8
Let g be 6 - (-390)/(5 + 1). Suppose 74*f - g*f = 2511. What is the hundreds digit of f?
8
Let p(v) = -3*v**3 + 12*v + 12. Let i be p(-1). Suppose 2096 = 4*r + b, -3*r + i*b + 2094 = 537. What is the tens digit of r?
2
Let j(h) = h + 1. Let k(m) = -43*m + 5. Let y(a) = 15*j(a) - 3*k(a). Let r be y(-1). Let d = -123 - r. What is the tens digit of d?
2
Suppose 2906*t - 2917*t = -74866. What is the hundreds digit of t?
8
What is the tens digit of (-2)/((-10)/7157) - 432/(-720)?
3
Let p(h) = -26*h - 23. Let o(r) = 77*r + 68. Let b(a) = 3*o(a) + 8*p(a). What is the units digit of b(29)?
7
Let i(w) = 5*w**2 - w + 12. Let y be i(6). Suppose 3*v - y = 60. What is the tens digit of v?
8
Suppose 42 - 66 = -12*c. Suppose 3*z - 3585 = -5*k, -c*z - 4*k + 1616 = -772. What is the tens digit of z?
0
What is the units digit of (-723*(-2)/9)/(-18*14/(-9450))?
5
Let n = 19 - 283. Let u = n + 606. What is the hundreds digit of u?
3
Suppose 479*s = 145*s + 417166. What is the thousands digit of s?
1
Let i(u) = 905*u**2 - 3*u + 59. What is the hundreds digit of i(5)?
6
Let l(z) = 2 + 0 + 4 + 35*z. Let b(t) = -56*t - 446. Let c be b(-8). What is the units digit of l(c)?
6
Let y be (5/10)/(3/36). Suppose 3*d + 3*b = -y, -6*d + 3*d - 2 = 2*b. Let x = d + 23. What is the tens digit of x?
2
Let g(b) = 6*b**3 + 20*b**2 - 28*b - 13. Let h be g(7). Let l = -1688 + h. What is the tens digit of l?
4
Let l = 631 + -629. Suppose -336 = -10*b + l*b. What is the units digit of b?
2
Suppose 188518 = 67*y - 48*y. What is the units digit of y?
2
Suppose -2*t = 2*y - 12732, 2*t + 24219 = 3*y + 5146. What is the thousands digit of y?
6
Let g = 3447 - 2033. Let y = 2163 - g. What is the tens digit of y?
4
What is the tens digit of 143108/17 - 3/((-969)/(-38))?
1
Suppose 691*c = 271*c - 174203 + 15432383. What is the units digit of c?
9
Suppose z + 55 + 332 = 0. Let v = z + 711. Let j = -225 + v. What is the units digit of j?
9
Suppose -13*k = -3*z - 11*k + 53586, -2*z + 35724 = 4*k. What is the hundreds digit of z?
8
Let o = -491 + 891. Let p = -24 + o. What is the tens digit of p?
7
Let u = -29 + 34. Let c(d) = -d**3 + 6*d**2 - 3*d - 6. Let y be c(u). Suppose t = -y + 28. What is the units digit of t?
4
Let h be (-1 - 2 - -3)/1. Suppose y + y - 10 = 0, h = 2*s - y - 3. Suppose 3*m + 65 = s*m. What is the units digit of m?
5
Suppose 178791 = 5*t - 3*c - 111799, -290560 = -5*t - 3*c. What is the thousands digit of t?
8
Let u(i) = -1300 + 1294 - 3*i + 5*i. Let g be u(8). Suppose g = -a + 23. What is the tens digit of a?
1
Let b = 101 - 102. Let t(q) = -377*q**3 + 2*q**2 + 2*q + 1. What is the hundreds digit of t(b)?
3
Let o(d) = -d**3 + 145*d**2 - 3121*d + 28. What is the ten thousands digit of o(45)?
6
Let m = -5002 + 10972. What is the thousands digit of m?
5
Let t be (11 - 11) + 22/2. Suppose -622 = 9*d - t*d. What is the tens digit of d?
1
Suppose 5*d = -5*a + 75, 0 = a + 3*a - 8. Suppose 480 = -8*k + d*k. Let j = k - 22. What is the units digit of j?
4
Let h be 168/(-112) - (-13)/2. Suppose 24*t - 5*n - 201 = 23*t, h*n = 20. What is the tens digit of t?
2
Suppose -2*p + 5*z + 88101 = 0, 12*z + 88098 = 2*p + 10*z. What is the ten thousands digit of p?
4
Let q(i) = -4*i - 17. Let u be q(-5). Let c = 11 + u. What is the tens digit of -1*(37*-1 - c/(-7))?
3
Suppose 0 = -2*w - 2, -3*w + 2100 + 2565 = 2*z. What is the units digit of z?
4
Let d(c) = 84*c - 45. Let k be d(8). Suppose y - k = 281. Suppose 0 = -11*v + 368 + y. What is the hundreds digit of v?
1
Suppose 296*v + 355940 = 322*v. What is the tens digit of v?
9
Suppose 8*c + 3*y = 4*c + 9536, 5*c = -5*y + 11925. What is the units digit of c?
1
Suppose -104*g = 138*g - 3*g - 6315336. What is the hundreds digit of g?
4
Let g(h) = -11*h**3 - 7*h**2 + 8*h + 5. Let c be g(-3). Let u = c - 169. What is the tens digit of u?
4
Let m be (-22412)/(-7) - 8/(-28). Suppose -10*z + m + 1948 = 0. Suppose -5*l = -z - 225. What is the tens digit of l?
4
Let n = -66 + 71. Suppose -r = -0*g + n*g - 39, -4*r = 3*g - 37. Suppose g*o + 470 = 12*o. What is the tens digit of o?
9
Suppose 627324 = -30819*q + 30831*q. What is the thousands digit of q?
2
Let z be 620/35 + (-6)/(-21). Suppose -z = 5*n - 11*n. Suppose -n*f = 3*v - 264, f + 126 = -5*v + 574. What is the units digit of v?
0
Suppose 12453 = 5*q + 2*z - 2349, q - 3*z - 2940 = 0. What is the units digit of q?
8
Let i be ((-9)/(162/(-84)))/(2/207). Let l = i - 216. What is the hundreds digit of l?
2
Suppose -38 = -9*f + 10*f + 5*s, 5*f + 5*s = -130. Let h = f - -75. What is the units digit of h?
2
Let l be (96/(-15))/(12/90). Let v = 52 + l. Suppose -v*i + 93 = -i. What is the units digit of i?
1
Suppose 4*f + 0*f + 16 = 0. Let q(a) = -3*a. Let l(k) = -19*k - 2. Let z(p) = l(p) - 3*q(p). What is the units digit of z(f)?
8
Suppose 0 = -127*u + 109*u + 113652. What is the thousands digit of u?
6
Let r(b) = b**2 + 17*b - 55. Let o be r(6). Suppose -i = -22 - o. What is the hundreds digit of i?
1
Suppose -259*j + 262*j - 8319 